?
False
Is 37327 a prime number?
False
Is 13057 prime?
False
Is 17603 prime?
False
Is 279779 composite?
False
Is 18947 composite?
False
Is 171007 prime?
True
Is 14281 a composite number?
False
Is 1788521 a composite number?
True
Is 35603 a composite number?
False
Is 641 a composite number?
False
Is 37959 a prime number?
False
Is 19681 prime?
True
Is 27127 prime?
True
Is 16411 a composite number?
False
Is 88089 prime?
False
Is 2321 composite?
True
Is 313457 a composite number?
True
Is 290903 a composite number?
True
Is 6049 composite?
True
Is 41333 prime?
True
Is 389 a composite number?
False
Is 120229 a prime number?
False
Is 14401 a composite number?
False
Is 82837 composite?
False
Is 2039 composite?
False
Is 319427 prime?
True
Is 63007 prime?
False
Is 724093 composite?
False
Is 180641 composite?
True
Is 14513 a composite number?
True
Is 12247 a prime number?
False
Is 272693 composite?
False
Is 451859 composite?
False
Is 14783 prime?
True
Is 74581 composite?
True
Is 1715599 a prime number?
True
Is 116069 a prime number?
False
Is 26777 composite?
False
Is 105319 a composite number?
False
Is 14165 composite?
True
Is 82687 a prime number?
False
Is 16871 prime?
True
Is 18457 composite?
False
Is 76961 composite?
False
Is 1597 a composite number?
False
Is 12797 a composite number?
True
Is 18013 prime?
True
Is 128147 a prime number?
True
Is 22013 prime?
True
Is 464495 a prime number?
False
Is 229855 composite?
True
Is 388405 a prime number?
False
Is 73673 composite?
False
Is 62533 a composite number?
False
Is 731239 a prime number?
False
Is 147373 prime?
False
Is 459421 a composite number?
False
Is 168013 a prime number?
True
Is 6503 a prime number?
False
Is 14506 a prime number?
False
Is 45347 prime?
False
Is 37817 prime?
False
Is 16199 composite?
True
Is 164209 a composite number?
False
Is 6119 composite?
True
Is 163973 a composite number?
False
Is 566157 a prime number?
False
Is 580421 a prime number?
False
Is 986801 a prime number?
True
Is 6384737 a prime number?
True
Is 560281 a prime number?
True
Is 7899 a composite number?
True
Is 1073053 composite?
False
Is 5669 a composite number?
False
Is 16771 prime?
False
Is 34739 a prime number?
True
Is 139 composite?
False
Is 73169 a composite number?
True
Is 513121 prime?
False
Is 17769 prime?
False
Is 6131 a composite number?
False
Is 5969 a prime number?
False
Is 6973 a composite number?
True
Is 403105 a prime number?
False
Is 2840323 composite?
True
Is 65369 a composite number?
True
Is 7013 a composite number?
False
Is 73373 composite?
True
Is 2051587 a prime number?
True
Is 59173 a prime number?
False
Is 329711 composite?
False
Is 2471 composite?
True
Is 251287 a prime number?
True
Is 15421 a prime number?
False
Is 99923 prime?
True
Is 374501 composite?
False
Is 110969 a prime number?
True
Is 13646 composite?
True
Is 8005 a prime number?
False
Is 37409 composite?
False
Is 259999 a composite number?
True
Is 295 a prime number?
False
Is 18833 a composite number?
True
Is 417283 a composite number?
False
Is 529827 composite?
True
Is 14029 a composite number?
False
Is 493537 prime?
False
Is 657703 a composite number?
False
Is 307823 a composite number?
False
Is 1883407 a prime number?
True
Is 114593 a composite number?
False
Is 314107 a composite number?
False
Is 165799 a composite number?
False
Is 274067 prime?
False
Is 92027 prime?
False
Is 444959 prime?
False
Is 631217 prime?
False
Is 67717 composite?
True
Is 2843 a composite number?
False
Is 668851 composite?
False
Is 4661 a prime number?
False
Is 5671 prime?
False
Is 550523 composite?
True
Is 1511 prime?
True
Is 7789 prime?
True
Is 144139 prime?
True
Is 799291 prime?
True
Is 36749 composite?
False
Is 551197 a composite number?
False
Is 14381 a composite number?
True
Is 8489 composite?
True
Is 13567 a prime number?
True
Is 61331 composite?
False
Is 256279 a composite number?
False
Is 148279 a composite number?
False
Is 105727 prime?
True
Is 190007 composite?
True
Is 1123 a prime number?
True
Is 74297 prime?
True
Is 205873 composite?
True
Is 15119 composite?
True
Is 4153 a prime number?
True
Is 27427 composite?
False
Is 1436407 composite?
True
Is 1741 a prime number?
True
Is 8869727 a prime number?
True
Is 11519 composite?
False
Is 9613 a composite number?
False
Is 19841 a composite number?
False
Is 910483 a composite number?
True
Is 28111 a prime number?
True
Is 6159 a composite number?
True
Is 719569 a composite number?
False
Is 41698 prime?
False
Is 6599 a prime number?
True
Is 70403 a composite number?
True
Is 11015 prime?
False
Is 44569 prime?
False
Is 2265401 a composite number?
True
Is 95651 composite?
False
Is 360773 a prime number?
False
Is 59333 prime?
True
Is 37803 a composite number?
True
Is 27527 a composite number?
False
Is 177377 prime?
False
Is 486733 prime?
False
Is 95837 a prime number?
False
Is 374307 a prime number?
False
Is 358165 composite?
True
Is 49727 composite?
False
Is 486413 prime?
False
Is 4271 a prime number?
True
Is 479303 a prime number?
False
Is 118571 a prime number?
True
Is 8941 a prime number?
True
Is 1674941 composite?
False
Is 57595 prime?
False
Is 79 a composite number?
False
Is 47597 a prime number?
False
Is 729017 a composite number?
True
Is 17773 a prime number?
False
Is 4507 composite?
False
Is 878377 composite?
False
Is 135613 a composite number?
False
Is 9007 a composite number?
False
Is 3414803 composite?
True
Is 29301 composite?
True
Is 33227 a prime number?
False
Is 3599 a composite number?
True
Is 68217 prime?
False
Is 14281 a prime number?
True
Is 35797 a prime number?
True
Is 72147 composite?
True
Is 1294 a composite number?
True
Is 338119 a composite number?
False
Is 9809 prime?
False
Is 260439 a composite number?
True
Is 47041 composite?
False
Is 138011 prime?
False
Is 10169 prime?
True
Is 205703 a prime number?
True
Is 28127 a composite number?
True
Is 21341 a prime number?
True
Is 20267 composite?
True
Is 564073 prime?
False
Is 18217 prime?
True
Is 127153 a composite number?
True
Is 24821 a composite number?
False
Is 16871 a composite number?
False
Is 113695 composite?
True
Is 50539 prime?
True
Is 6349 a prime number?
False
Is 113713 prime?
False
Is 274609 a prime number?
True
Is 253166 a composite number?
True
Is 407 prime?
False
Is 313099 a composite number?
True
Is 94803 a prime number?
False
Is 86101 a composite number?
True
Is 17691 prime?
False
Is 162359 composite?
False
Is 23809 composite?
True
Is 185947 a composite number?
False
Is 39049 composite?
True
Is 18119 a composite number?
False
Is 3347065 composite?
True
Is 13901 a composite number?
False
Is 527798 a composite number?
True
Is 79657 prime?
True
Is 34583 prime?
True
Is 3137 prime?
True
Is 7708003 composite?
False
Is 36749 a prime number?
True
Is 9587 prime?
True
Is 3319 prime?
True
Is 160367 a prime number?
True
Is 1696303 a prime number?
False
Is 34123 composite?
False
Is 35237 a composite number?
True
Is 70303 a composite number?
True
Is 37486 a composite number?
True
Is 22999 prime?
False
Is 79 a prime number?
True
Is 3389 a composite number?
False
Is 2545 prime?
False
Is 2825909 prime?
False
Is 5261 a composite number?
False
Is 174403 prime?
False
Is 34582 a prime number?
False
Is 36307 a composite number?
False
Is 42737 a prime number?
True
Is 92719 composite?
True
Is 172399 a composite number?
False
Is 63997 composite?
False
Is 66403 composite?
False
Is 48017 a composite number?
False
Is 10753 a prime number?
True
Is 183017 a composite number?
True
Is 267955 a prime number?
False
Is 73583 a prime number?
True
Is 16285 a composite number?
True
Is 85513 prime?
True
Is 313955 prime?
False
Is 521861 a composite number?
False
Is 3811 a prime number?
False
Is 7907 prime?
True
Is 514213 composite?
True
Is 2333 a composite number?
False
Is 57859 composite?
False
Is 64673 prime?
False
Is 12373 a prime number?
True
Is 1075682 composite?
True
Is 896231 a composite number?
True
Is 51931 a composite number?
True
Is 51767 composite?
False
Is 3377 a prime number?
False
Is 35603 prime?
True
Is 93809 a composite number?
False
Is 4391 composite?
False
Is 856333 prime?
True
Is 47 a prime number?
True
Is 135046 composite?
True
Is 453209 composite?
False
Is 32663 a composite number?
True
Is 17113 a prime number?
False
Is 92821 composite?
F